77660047?
False
Is 29612787 a multiple of 323?
False
Does 61 divide 685026157?
True
Does 430 divide 281572955?
False
Does 7 divide 576009?
True
Is 689035844 a multiple of 98?
True
Is 211600278 a multiple of 4?
False
Does 140 divide 773309740?
True
Is 212 a factor of 2337510608?
False
Does 15 divide 1801427500?
False
Is 525655908 a multiple of 149?
True
Is 128712 a multiple of 3?
True
Is 91 a factor of 38632230?
True
Is 37 a factor of 11958149?
False
Is 26836645 a multiple of 237?
False
Does 48 divide 367684032?
True
Is 20564409 a multiple of 49?
False
Does 106 divide 121723086?
True
Is 57 a factor of 8115147?
True
Is 5678 a factor of 28100422?
True
Is 281 a factor of 4511736?
True
Is 13138432 a multiple of 3064?
True
Is 170818043 a multiple of 97?
False
Is 70 a factor of 3012730?
True
Is 8 a factor of 2892375256?
True
Is 1029 a factor of 172805348?
False
Does 1715 divide 37897666?
False
Does 7 divide 229303830?
True
Is 720688514 a multiple of 43?
True
Is 416466250 a multiple of 60?
False
Is 2858 a factor of 36679572?
True
Does 15 divide 65351970?
True
Is 6 a factor of 293238606?
True
Is 31 a factor of 2518006?
True
Is 31155051 a multiple of 173?
True
Does 20 divide 385273849?
False
Does 3396 divide 32839320?
True
Is 3838 a factor of 177929680?
True
Does 16 divide 2702592?
True
Is 588195520 a multiple of 52?
False
Is 261421002 a multiple of 697?
True
Is 201969617 a multiple of 97?
True
Is 71 a factor of 372548796?
False
Is 20863550 a multiple of 10?
True
Does 47 divide 1836854?
True
Is 25175683 a multiple of 13?
True
Does 95 divide 1585386505?
True
Is 152 a factor of 3488856?
True
Is 261022834 a multiple of 99?
False
Is 20 a factor of 6242391?
False
Does 13 divide 105765660?
True
Is 243096047 a multiple of 122?
False
Is 2006 a factor of 276316470?
True
Is 671 a factor of 76664962?
False
Does 35 divide 42066885?
True
Is 95987035 a multiple of 10?
False
Does 191 divide 3086829692?
True
Is 399 a factor of 485546275?
False
Is 497 a factor of 228430146?
True
Is 536327988 a multiple of 3?
True
Does 25 divide 323177625?
True
Does 47 divide 163575475?
False
Is 12 a factor of 1356960?
True
Is 498 a factor of 841375357?
False
Is 111198550 a multiple of 1550?
True
Does 3556 divide 80972569?
False
Is 673 a factor of 16809304?
False
Is 258 a factor of 41084436?
True
Is 1954 a factor of 23513329?
False
Does 2217 divide 834601254?
False
Does 1722 divide 756023436?
True
Is 399 a factor of 313277244?
True
Is 37 a factor of 35862509?
True
Is 345 a factor of 43672011?
False
Does 79 divide 1840779?
True
Does 58 divide 271690370?
False
Is 240 a factor of 34936802?
False
Does 3 divide 854724?
True
Is 318504933 a multiple of 41?
True
Is 2282 a factor of 139065425?
False
Is 73 a factor of 5253558?
False
Is 55 a factor of 220742842?
False
Is 52 a factor of 30811560?
True
Is 42 a factor of 50278071?
False
Is 45 a factor of 83684115?
True
Is 1774391892 a multiple of 9294?
True
Is 2278 a factor of 72082754?
True
Is 42374904 a multiple of 88?
True
Does 226 divide 134435309?
False
Is 87815064 a multiple of 159?
True
Is 72 a factor of 648910008?
True
Does 9 divide 1944666460?
False
Is 9 a factor of 109660005?
True
Is 19 a factor of 85139380?
True
Does 6 divide 16520805?
False
Does 3 divide 9587319?
True
Is 3 a factor of 4686237?
True
Is 107822226 a multiple of 57?
True
Is 51 a factor of 32705586?
True
Is 471994200 a multiple of 925?
True
Does 18 divide 165023277?
False
Is 19513881 a multiple of 897?
False
Is 3469110582 a multiple of 6?
True
Is 273194529 a multiple of 1317?
True
Is 11263 a factor of 3278174991?
True
Is 4 a factor of 329520030?
False
Does 14 divide 19848850?
True
Is 7600009 a multiple of 8?
False
Is 9308998 a multiple of 379?
True
Is 1198 a factor of 504808448?
True
Is 599 a factor of 4306756090?
True
Is 684229994 a multiple of 2709?
False
Does 94 divide 15494329?
False
Is 9219552 a multiple of 822?
True
Is 12 a factor of 74814136?
False
Is 78 a factor of 71287051?
False
Is 2711459765 a multiple of 1504?
False
Is 591686662 a multiple of 87?
False
Is 14 a factor of 3010745021?
False
Does 288 divide 566884548?
False
Is 26396132 a multiple of 33?
False
Does 23 divide 28010041?
False
Is 2890800 a multiple of 275?
True
Does 58 divide 1742654080?
True
Does 27 divide 37329741?
True
Is 42694722 a multiple of 1165?
False
Does 389 divide 47373273?
False
Is 16 a factor of 142919298?
False
Is 52764690 a multiple of 10?
True
Is 366177944 a multiple of 8?
True
Does 1595 divide 36359620?
True
Is 1608127065 a multiple of 7686?
False
Is 2 a factor of 5086770?
True
Does 106 divide 127275578?
True
Is 8 a factor of 991031568?
True
Does 135 divide 247293235?
False
Does 245 divide 1690365776?
False
Is 15 a factor of 38591985?
True
Is 124 a factor of 859573344?
False
Does 47 divide 5798320?
False
Is 6 a factor of 42831886?
False
Is 12647193 a multiple of 139?
True
Is 29717544 a multiple of 135?
False
Is 17481441 a multiple of 14?
False
Is 5542650 a multiple of 654?
True
Does 1835 divide 10956785?
True
Is 5289299 a multiple of 123?
False
Does 2963 divide 10870515?
False
Is 2344 a factor of 1128794982?
False
Does 18 divide 149365602?
True
Is 1461012410 a multiple of 247?
True
Is 3535 a factor of 309775585?
True
Is 16431 a multiple of 3?
True
Is 1516610874 a multiple of 474?
True
Does 28 divide 7251860?
True
Does 5399 divide 4671084050?
False
Is 885 a factor of 345873930?
True
Is 140102414 a multiple of 200?
False
Is 233166582 a multiple of 61?
False
Is 80 a factor of 141565920?
True
Is 82939409 a multiple of 7?
True
Is 6628 a factor of 1789845004?
True
Does 10590 divide 389348061?
False
Is 64 a factor of 40856070?
False
Is 19880553 a multiple of 11?
True
Is 475 a factor of 78163564?
False
Does 24 divide 185958305?
False
Is 61235076 a multiple of 166?
True
Is 672111456 a multiple of 6?
True
Is 26008208 a multiple of 590?
False
Is 1377791600 a multiple of 1180?
True
Is 10463244 a multiple of 682?
True
Does 3572 divide 689435181?
False
Is 11136149 a multiple of 21?
False
Is 101970974 a multiple of 1344?
False
Does 142 divide 2729154516?
True
Is 54 a factor of 509879?
False
Is 73 a factor of 52594091?
True
Does 8 divide 508478416?
True
Is 261692436 a multiple of 5?
False
Is 16 a factor of 49096693?
False
Is 7 a factor of 166881180?
False
Is 211874908 a multiple of 14?
True
Is 19259676 a multiple of 573?
True
Does 3985 divide 422336680?
False
Is 473118942 a multiple of 177?
False
Does 1626 divide 166718658?
True
Is 182878028 a multiple of 1385?
False
Is 3467 a factor of 173240108?
False
Does 4768 divide 1756130688?
True
Does 12 divide 18380954?
False
Is 265001355 a multiple of 15?
True
Does 145 divide 228105735?
True
Is 15 a factor of 28545570?
True
Does 19 divide 1306702390?
True
Is 77862074 a multiple of 13?
False
Is 24445440 a multiple of 32?
True
Is 3705 a factor of 187598970?
True
Is 3339 a factor of 23967342?
True
Is 941 a factor of 31999646?
True
Is 260852892 a multiple of 1138?
False
Is 2286 a factor of 2011848993?
False
Is 330684276 a multiple of 516?
True
Is 53 a factor of 10233929?
True
Is 57 a factor of 3646295?
False
Does 13 divide 88915836?
False
Is 51 a factor of 162247014?
True
Does 301 divide 7820582?
True
Is 76 a factor of 45238590?
False
Does 255 divide 670771890?
True
Is 652 a factor of 59799480?
False
Does 12 divide 46922268?
True
Is 69309251 a multiple of 41?
False
Is 2153790 a multiple of 243?
False
Is 1127799 even?
False
Is 208 a factor of 22094131?
False
Is 29977596 a multiple of 36?
True
Is 313 a factor of 35353350?
True
Is 366 a factor of 64794078?
True
Is 41701113 a multiple of 3?
True
Is 705 a factor of 1759726530?
True
Is 65 a factor of 2342970175?
True
Is 14902521 a multiple of 599?
True
Is 651534608 a multiple of 8?
True
Does 22 divide 140216164?
True
Does 2 divide 25391937?
False
Is 104811511 a multiple of 7?
True
Does 77 divide 20630097?
False
Does 427 divide 323993509?
True
Does 44 divide 132062216?
True
Is 938 a factor of 1092896630?
True
Does 1339 divide 75301343?
True
Is 590816285 a multiple of 43?
False
Is 384 a factor of 4122847?
False
Does 4595 divide 1572938244?
False
Is 45550852 a multiple of 482?
False
Does 359 divide 111915378?
True
Is 310 a factor of 738122710?
True
Is 12309825 a multiple of 55?
True
Does 591 divide 78311046?
True
Does 3 d